*s + 18 = 0, -5*x + x = 3*s - 36. Suppose -141 = -x*c + 6*c. What are the prime factors of c?
47
Let b(o) = -5*o**2 - 8*o - 3. Let q(c) = -14*c**2 - 24*c - 10. Let u(v) = -11*b(v) + 4*q(v). Let w be u(-5). Let i = w - 2. List the prime factors of i.
2, 3
Suppose -3*u = -5*u - 148. Let d = -47 - u. What are the prime factors of d?
3
Let z(q) = q**3 + 10*q**2 + 10*q + 6. Let c be z(-6). Let x = c - 63. What are the prime factors of x?
3
Let f = 49 + -17. Let d = f + -12. Suppose 3*b - 18 = -2*w, 0*w - 2*w = 4*b - d. What are the prime factors of w?
2, 3
Suppose 0 = -4*g - 2 - 2. Let v(k) = k**2 + k - 1. Let t(h) = -4*h**2 - 11*h + 3. Let i(z) = g*t(z) - 5*v(z). List the prime factors of i(4).
2, 5
Let h(c) = -c - 7. Let d(m) = 1. Let o(r) = 3*d(r) - h(r). Let i be o(-5). Let p = i + -3. What are the prime factors of p?
2
Suppose 53 + 3 = -4*j. What are the prime factors of (-36)/j*70/15?
2, 3
Let v = 526 - 358. List the prime factors of v/5 + (-16)/(-40).
2, 17
Let m = 171 - -135. What are the prime factors of m/10 + 2/5?
31
Let s(o) = o + 12. What are the prime factors of s(7)?
19
Let j(n) = 10*n - 2. What are the prime factors of j(4)?
2, 19
Suppose 0 = -3*z - 15 - 0, 4*k - 2 = -2*z. Let d = 11 - k. List the prime factors of d.
2
Let z be -1*2*(-11)/(-22). List the prime factors of (-4)/((-12)/147) + z.
2, 3
Let n(q) = -q**2 - q - 1. Let j(i) = -4*i**2 - 11*i. Let r(a) = -j(a) + 5*n(a). List the prime factors of r(4).
3
Let v = 13 - 19. List the prime factors of 2*2/(-4)*v.
2, 3
Suppose 5*q = s - 67, 4*q + 5*s = -61 - 10. Let p be 4/(-14) - 88/q. Suppose -4*c + 51 = p*v - v, 53 = 5*v + 2*c. List the prime factors of v.
11
Let n be 1 + 3/(2 + 1). Suppose -k - 20 = -n*k. What are the prime factors of k?
2, 5
Suppose -4*q - q = -5. Suppose 4 - q = r. Let w = 1 + r. What are the prime factors of w?
2
Let q = -169 + 315. List the prime factors of q.
2, 73
Let k = -3 + 2. Let c be (-36 - k) + 1 - 2. List the prime factors of ((-1)/2)/(3/c).
2, 3
Suppose 218 = 2*d + 72. List the prime factors of d.
73
Suppose 2*c + 5*y - 2 = c, -3*c + 6 = -4*y. Suppose -c*q + 1 = -2*x - q, 3*x - 11 = -q. What are the prime factors of x?
2
Let z(x) = x + 8. What are the prime factors of z(-4)?
2
Suppose -14 = -3*j - 2, 2*y + 8 = 5*j. Let u be 26/y - (-2)/(-6). Suppose 3*c - s = 10, -s + 0 = u. What are the prime factors of c?
2
Let z(a) be the second derivative of 7*a**2 + 2*a + 0 + 0*a**3 + 1/12*a**4. What are the prime factors of z(0)?
2, 7
Suppose 0*j - 16 = -2*j. Let d(r) = 4*r - 2. Let q(u) = -11*u + 5. Let m(x) = j*d(x) + 3*q(x). List the prime factors of m(-4).
3
Let d = 360 + -222. What are the prime factors of d?
2, 3, 23
What are the prime factors of 22 + (1 - (-5)/(-5))?
2, 11
Suppose 0 = -3*i + 7*i - 1092. Let u be i/11 - (-8)/44. Suppose 4*m - u = -9. List the prime factors of m.
2
Let d be 24/10 - 3/(-5). Suppose -r - 2*r + d = -w, -r = 4*w + 64. Let u = -3 - w. List the prime factors of u.
2, 3
Let j be (-3)/((-3)/(-4)*-2). Suppose 0 = -j*m + 3*m - 16. What are the prime factors of m?
2
Let v(r) = r**3 + 6*r**2 + 8*r + 7. Let n be v(-5). List the prime factors of (n/5)/(8/(-60)).
2, 3
Let k(m) = 3*m**2 - 8*m + 12. What are the prime factors of k(8)?
2, 5, 7
Let w = 43 + -40. Suppose 0 = 3*p - 2*p. Suppose w*i - i - 20 = p. What are the prime factors of i?
2, 5
Suppose 0 = 3*a - 2*r + 36, a - 33 = 4*a - r. Let t = a - -14. List the prime factors of t.
2
Let m = 155 - 63. What are the prime factors of m?
2, 23
Suppose 6*n = 4*n - 108. List the prime factors of (-2)/9 - 1146/n.
3, 7
Suppose -4*b = 5*k - 42 - 35, -5*b + 5*k = -130. Let c = b - 15. Suppose c*w = 3*w + 35. What are the prime factors of w?
7
Let z = 8 + -8. Suppose z = -2*t + t + 7. List the prime factors of t.
7
List the prime factors of -1 + (2 - 2) - -83.
2, 41
Let d = 8 + 5. What are the prime factors of d?
13
Let y be (-3 + 2 + -1)*1. Let a be (-1)/(-3 - y) - -2. Suppose 0 = -4*d - a*t + 56, -3*t = 4*d - t - 56. List the prime factors of d.
2, 7
Suppose -4*m = -2*m. Let n be m - (-1 - (-2 - -3)). Suppose 3*h = -n*h + 10. List the prime factors of h.
2
Let k be (20/(-6))/(3/9). Let p = -5 - k. What are the prime factors of p?
5
Let a(r) = r**3 - 9*r**2 + 8*r + 6. Let n be a(8). What are the prime factors of 14/n + (-8)/24?
2
Suppose 3*m - 3*t - t - 37 = 0, -3*m + 2*t = -29. List the prime factors of m.
7
Suppose -2*q - 1028 = -5*i, 4*i - 808 = 3*q - 5*q. Suppose i = -2*d + 6*d. What are the prime factors of d?
3, 17
Let r(n) = -16*n - 2. Suppose 2*v + 9 + 3 = -2*a, v = 3*a + 14. List the prime factors of r(v).
2, 7
Suppose 12*f - 280 - 1004 = 0. List the prime factors of f.
107
Suppose 0 = 3*s - 4 - 32. What are the prime factors of s?
2, 3
Suppose -3*p - 5*p + 1048 = 0. List the prime factors of p.
131
Let k(l) = -98*l - 2. List the prime factors of k(-1).
2, 3
Let q(f) = -f**3 - 7*f**2 - 12*f - 5. Let g be q(-5). Suppose -j - 67 = -3*r, -5*r + 39 + 86 = g*j. What are the prime factors of r?
23
Suppose y + 2*y = -24. Let b be 2/y + 39/12. Suppose b*p - 24 - 6 = 0. What are the prime factors of p?
2, 5
Let s be (-11 + 1)/(0 - -1). Let o be (s/25)/((-1)/10). Suppose -o*p - 3*v = -37, -17 = p - 3*p - 3*v. List the prime factors of p.
2, 5
Let o = 249 - 84. What are the prime factors of o?
3, 5, 11
Suppose -2*q + 4*n + 228 = 0, 5*q + 0*q = -n + 559. List the prime factors of q.
2, 7
Let i = 14 - 74. Let k = i + 90. What are the prime factors of k?
2, 3, 5
Let n(s) = s**2 - s. Let f be n(-1). Suppose 6 = 2*z - 8. Let k = f + z. What are the prime factors of k?
3
Suppose -3*t = -193 - 26. List the prime factors of t.
73
Suppose -6 = -2*c + 4. Suppose -109 - 166 = -c*x. Suppose -4*l - 6*m + x = -m, -l + 4 = -2*m. List the prime factors of l.
2, 5
Suppose -3*k = -12, -z = 2*k - 2 - 9. Suppose z*v - 148 = -v. Suppose 5*a = v + 18. List the prime factors of a.
11
Let i = 16 + 22. Suppose 2*a = -m + 14, -2*m - m = -4*a + i. What are the prime factors of a?
2
Suppose -2*x = 4 + 4. Suppose 1 = 4*z + 9. What are the prime factors of (-30)/x - z/4?
2
Let s = 10 + -8. Suppose -14 = 2*t - s*f, f + 40 = -4*t + 2*f. Let z = t - -23. What are the prime factors of z?
2, 3
Let s = 26 - -16. What are the prime factors of s?
2, 3, 7
Suppose 2*n + 279 = 5*n. List the prime factors of (-16)/56 + n/7.
13
Let r be (-1)/((-1*2)/90). Suppose -4*i + r = i. Suppose 5*f - i = 26. What are the prime factors of f?
7
Suppose 2*g - 4*g = -388. What are the prime factors of g?
2, 97
Let j(d) = 7*d**3 + 5*d**2 + 4*d - 2. Let m(g) = -15*g**3 - 10*g**2 - 8*g + 5. Let w(s) = 13*j(s) + 6*m(s). What are the prime factors of w(-3)?
2, 5
Let n(j) = j**3 + j**2 - 4*j - 4. What are the prime factors of n(3)?
2, 5
What are the prime factors of (-4)/(-2) - -336 - 20/20?
337
Suppose 8 = o + 3*o. Let k be -38*(-4 - 14/(-4)). Suppose z + 5 = 0, 0 = 2*b - o*z + 7*z + k. List the prime factors of b.
3
Suppose u = 2*u + 1. List the prime factors of 3 - (u + 0 - 3).
7
Let h(z) = 43*z - 1. Let u be h(2). Suppose 7*m = 2*m + u. List the prime factors of m.
17
Suppose 4*n = 5*t - 1, -2*n = -5*n - 2*t - 18. Let s = n - -9. Suppose s*q - 28 = q. List the prime factors of q.
7
Suppose -3*y = 36 + 3. Let k = y + 19. Suppose 5*w + 10 = k*w. What are the prime factors of w?
2, 5
Suppose -3 = -3*z + 9, 3*z = 3*u - 405. What are the prime factors of u?
139
Let b be (25/3)/(-5)*-3. Suppose 0 = 5*f - 5*x - 65, -20 = -b*x + x. List the prime factors of f.
2, 3
Let j = -17 - -55. What are the prime factors of j?
2, 19
Suppose -3*q + 358 = 2*n, 0 = 3*n + 3 + 9. List the prime factors of q.
2, 61
Let n(d) = -5 - 36*d**2 - 6*d + 19*d**2 + 18*d**2. Suppose 37 = 4*l + 5. What are the prime factors of n(l)?
11
Suppose 14 = -y + 67. Let t = -24 + y. What are the prime factors of t?
29
Let z = -89 - -150. Let f = z - 39. List the prime factors of f.
2, 11
Suppose 5 = z + 16. Let a = 29 + z. List the prime factors of a.
2, 3
Suppose -2*s - 3*s - 8 = -2*p, 4*s - 4*p = -16. Let v be (4 + -2)*(-1)/2. What are the prime factors of 10/((-2)/v + s)?
5
Let i = -5 - 9. Let z = i + -4. What are the prime factors of z/7*42/(-9)?
2, 3
Let n(x) = 10*x**2 - 24*x - 18. Let g(b) = -3*b**2 + 8*b + 6. Let d(z) = 7*g(z) + 2*n(z). Let r(f) = -f. Let j be r(-6). What are the prime f